{"id":219,"date":"2024-07-19T20:30:04","date_gmt":"2024-07-19T23:30:04","guid":{"rendered":"https:\/\/www.gruporm.online\/rm-remote\/?page_id=219"},"modified":"2024-07-24T17:01:44","modified_gmt":"2024-07-24T20:01:44","slug":"solicitacao-de-imagens","status":"publish","type":"page","link":"https:\/\/www.gruporm.online\/rm-remote\/solicitacao-de-imagens\/","title":{"rendered":"Solicita\u00e7\u00e3o de Imagens"},"content":{"rendered":"\t\t<div data-elementor-type=\"wp-post\" data-elementor-id=\"219\" class=\"elementor elementor-219\">\n\t\t\t\t<div class=\"elementor-element elementor-element-387369e e-flex e-con-boxed e-con e-parent\" data-id=\"387369e\" data-element_type=\"container\">\n\t\t\t\t\t<div class=\"e-con-inner\">\n\t\t\t\t<div class=\"elementor-element elementor-element-0b0db8d elementor-widget elementor-widget-wpforms\" data-id=\"0b0db8d\" data-element_type=\"widget\" data-widget_type=\"wpforms.default\">\n\t\t\t\t<div class=\"elementor-widget-container\">\n\t\t\t<style id=\"wpforms-css-vars-root\">\n\t\t\t\t:root {\n\t\t\t\t\t--wpforms-field-border-radius: 3px;\n--wpforms-field-border-style: solid;\n--wpforms-field-border-size: 1px;\n--wpforms-field-background-color: #ffffff;\n--wpforms-field-border-color: rgba( 0, 0, 0, 0.25 );\n--wpforms-field-border-color-spare: rgba( 0, 0, 0, 0.25 );\n--wpforms-field-text-color: rgba( 0, 0, 0, 0.7 );\n--wpforms-field-menu-color: #ffffff;\n--wpforms-label-color: rgba( 0, 0, 0, 0.85 );\n--wpforms-label-sublabel-color: rgba( 0, 0, 0, 0.55 );\n--wpforms-label-error-color: #d63637;\n--wpforms-button-border-radius: 3px;\n--wpforms-button-border-style: none;\n--wpforms-button-border-size: 1px;\n--wpforms-button-background-color: #066aab;\n--wpforms-button-border-color: #066aab;\n--wpforms-button-text-color: #ffffff;\n--wpforms-page-break-color: #066aab;\n--wpforms-background-image: none;\n--wpforms-background-position: center center;\n--wpforms-background-repeat: no-repeat;\n--wpforms-background-size: cover;\n--wpforms-background-width: 100px;\n--wpforms-background-height: 100px;\n--wpforms-background-color: rgba( 0, 0, 0, 0 );\n--wpforms-background-url: none;\n--wpforms-container-padding: 0px;\n--wpforms-container-border-style: none;\n--wpforms-container-border-width: 1px;\n--wpforms-container-border-color: #000000;\n--wpforms-container-border-radius: 3px;\n--wpforms-field-size-input-height: 43px;\n--wpforms-field-size-input-spacing: 15px;\n--wpforms-field-size-font-size: 16px;\n--wpforms-field-size-line-height: 19px;\n--wpforms-field-size-padding-h: 14px;\n--wpforms-field-size-checkbox-size: 16px;\n--wpforms-field-size-sublabel-spacing: 5px;\n--wpforms-field-size-icon-size: 1;\n--wpforms-label-size-font-size: 16px;\n--wpforms-label-size-line-height: 19px;\n--wpforms-label-size-sublabel-font-size: 14px;\n--wpforms-label-size-sublabel-line-height: 17px;\n--wpforms-button-size-font-size: 17px;\n--wpforms-button-size-height: 41px;\n--wpforms-button-size-padding-h: 15px;\n--wpforms-button-size-margin-top: 10px;\n--wpforms-container-shadow-size-box-shadow: none;\n\n\t\t\t\t}\n\t\t\t<\/style><style id=\"wpforms-css-vars-elementor-widget-0b0db8d\">\n\t\t\t\t.elementor-widget-wpforms.elementor-element-0b0db8d {\n\t\t\t\t\t--wpforms-field-background-color: #FFFFFF;\n--wpforms-field-border-color: #FFFFFFE0;\n--wpforms-field-border-color-spare: #FFFFFFE0;\n--wpforms-field-text-color: #000000;\n--wpforms-label-color: #FFFAFAD9;\n--wpforms-button-background-color: #AB0619;\n--wpforms-field-size-input-height: 43px;\n--wpforms-field-size-input-spacing: 15px;\n--wpforms-field-size-font-size: 16px;\n--wpforms-field-size-line-height: 19px;\n--wpforms-field-size-padding-h: 14px;\n--wpforms-field-size-checkbox-size: 16px;\n--wpforms-field-size-sublabel-spacing: 5px;\n--wpforms-field-size-icon-size: 1;\n--wpforms-label-size-font-size: 18px;\n--wpforms-label-size-line-height: 21px;\n--wpforms-label-size-sublabel-font-size: 16px;\n--wpforms-label-size-sublabel-line-height: 19px;\n--wpforms-button-size-font-size: 20px;\n--wpforms-button-size-height: 48px;\n--wpforms-button-size-padding-h: 20px;\n--wpforms-button-size-margin-top: 15px;\n\n\t\t\t\t}\n\t\t\t<\/style><div class=\"wpforms-container wpforms-container-full wpforms-render-modern\" id=\"wpforms-136\"><form id=\"wpforms-form-136\" class=\"wpforms-validate wpforms-form wpforms-ajax-form\" data-formid=\"136\" method=\"post\" enctype=\"multipart\/form-data\" action=\"\/rm-remote\/wp-json\/wp\/v2\/pages\/219\" data-token=\"01ca114dde1c2b4ae4c458fdb69df938\" data-token-time=\"1777360928\"><noscript class=\"wpforms-error-noscript\">Ative o JavaScript no seu navegador para preencher este formul\u00e1rio.<\/noscript><div class=\"wpforms-hidden\" id=\"wpforms-error-noscript\">Ative o JavaScript no seu navegador para preencher este formul\u00e1rio.<\/div><div class=\"wpforms-field-container\"><div id=\"wpforms-136-field_0-container\" class=\"wpforms-field wpforms-field-name\" data-field-id=\"0\"><fieldset><legend class=\"wpforms-field-label\">Nome <span class=\"wpforms-required-label\" aria-hidden=\"true\">*<\/span><\/legend><div class=\"wpforms-field-row wpforms-field-large\"><div class=\"wpforms-field-row-block wpforms-first wpforms-one-half\"><input type=\"text\" id=\"wpforms-136-field_0\" class=\"wpforms-field-name-first wpforms-field-required\" name=\"wpforms[fields][0][first]\" aria-errormessage=\"wpforms-136-field_0-error\" required><label for=\"wpforms-136-field_0\" class=\"wpforms-field-sublabel after\">Nome<\/label><\/div><div class=\"wpforms-field-row-block wpforms-one-half\"><input type=\"text\" id=\"wpforms-136-field_0-last\" class=\"wpforms-field-name-last wpforms-field-required\" name=\"wpforms[fields][0][last]\" aria-errormessage=\"wpforms-136-field_0-last-error\" required><label for=\"wpforms-136-field_0-last\" class=\"wpforms-field-sublabel after\">Sobrenome<\/label><\/div><\/div><\/fieldset><\/div><div id=\"wpforms-136-field_1-container\" class=\"wpforms-field wpforms-field-email\" data-field-id=\"1\"><label class=\"wpforms-field-label\" for=\"wpforms-136-field_1\">Email <span class=\"wpforms-required-label\" aria-hidden=\"true\">*<\/span><\/label><input type=\"email\" id=\"wpforms-136-field_1\" class=\"wpforms-field-medium wpforms-field-required\" name=\"wpforms[fields][1]\" spellcheck=\"false\" aria-errormessage=\"wpforms-136-field_1-error\" required><\/div><div id=\"wpforms-136-field_19-container\" class=\"wpforms-field wpforms-field-number\" data-field-id=\"19\"><label class=\"wpforms-field-label\" for=\"wpforms-136-field_19\">Numero de Telefone para contato<\/label><input type=\"number\" id=\"wpforms-136-field_19\" class=\"wpforms-field-medium\" name=\"wpforms[fields][19]\" aria-errormessage=\"wpforms-136-field_19-error\" ><\/div><div id=\"wpforms-136-field_13-container\" class=\"wpforms-field wpforms-field-text\" data-field-id=\"13\"><label class=\"wpforms-field-label\" for=\"wpforms-136-field_13\">Endere\u00e7o<\/label><input type=\"text\" id=\"wpforms-136-field_13\" class=\"wpforms-field-medium\" name=\"wpforms[fields][13]\" aria-errormessage=\"wpforms-136-field_13-error\" ><\/div><div id=\"wpforms-136-field_14-container\" class=\"wpforms-field wpforms-field-select wpforms-field-select-style-classic\" data-field-id=\"14\"><label class=\"wpforms-field-label\" for=\"wpforms-136-field_14\">Estou envolvido no incidente<\/label><select id=\"wpforms-136-field_14\" class=\"wpforms-field-medium\" name=\"wpforms[fields][14]\"><option value=\"SIM\"  selected='selected'>SIM<\/option><option value=\"N\u00c3O\" >N\u00c3O<\/option><\/select><\/div><div id=\"wpforms-136-field_15-container\" class=\"wpforms-field wpforms-field-text\" data-field-id=\"15\"><label class=\"wpforms-field-label\" for=\"wpforms-136-field_15\">Informe a data do incidente<\/label><input type=\"text\" id=\"wpforms-136-field_15\" class=\"wpforms-field-medium\" name=\"wpforms[fields][15]\" aria-errormessage=\"wpforms-136-field_15-error\" ><\/div><div id=\"wpforms-136-field_16-container\" class=\"wpforms-field wpforms-field-text\" data-field-id=\"16\"><label class=\"wpforms-field-label\" for=\"wpforms-136-field_16\">Informe a hora do incidente<\/label><input type=\"text\" id=\"wpforms-136-field_16\" class=\"wpforms-field-medium\" name=\"wpforms[fields][16]\" aria-errormessage=\"wpforms-136-field_16-error\" ><\/div><div id=\"wpforms-136-field_17-container\" class=\"wpforms-field wpforms-field-select wpforms-field-select-style-classic\" data-field-id=\"17\"><label class=\"wpforms-field-label\" for=\"wpforms-136-field_17\">Selecione a op\u00e7\u00e3o<\/label><select id=\"wpforms-136-field_17\" class=\"wpforms-field-medium\" name=\"wpforms[fields][17]\"><option value=\"1 - ACIDENTE DE TRANSITO\" >1 - ACIDENTE DE TRANSITO<\/option><option value=\"2- ROUBO - ASSALTO\" >2- ROUBO - ASSALTO<\/option><option value=\"3- FURTO\" >3- FURTO<\/option><option value=\"4 - EMERGENCIA DE SAUDE\" >4 - EMERGENCIA DE SAUDE<\/option><option value=\"5- SITUA\u00c7\u00c3O SUSPEITA\" >5- SITUA\u00c7\u00c3O SUSPEITA<\/option><option value=\"6- VANDALISMO\" >6- VANDALISMO<\/option><option value=\"7- AGRESS\u00c3O\" >7- AGRESS\u00c3O<\/option><option value=\"8- TENTATIVA DE INTRUS\u00c3O\" >8- TENTATIVA DE INTRUS\u00c3O<\/option><option value=\"9- OUTROS\" >9- OUTROS<\/option><\/select><\/div><div id=\"wpforms-136-field_20-container\" class=\"wpforms-field wpforms-field-textarea\" data-field-id=\"20\"><label class=\"wpforms-field-label\" for=\"wpforms-136-field_20\">Descreva a ocorr\u00eancia<\/label><textarea id=\"wpforms-136-field_20\" class=\"wpforms-field-medium\" name=\"wpforms[fields][20]\" aria-errormessage=\"wpforms-136-field_20-error\" ><\/textarea><\/div><\/div><!-- .wpforms-field-container --><div class=\"wpforms-submit-container\" ><input type=\"hidden\" name=\"wpforms[id]\" value=\"136\"><input type=\"hidden\" name=\"page_title\" value=\"\"><input type=\"hidden\" name=\"page_url\" value=\"https:\/\/www.gruporm.online\/rm-remote\/wp-json\/wp\/v2\/pages\/219\"><button type=\"submit\" name=\"wpforms[submit]\" id=\"wpforms-submit-136\" class=\"wpforms-submit\" data-alt-text=\"Sending...\" data-submit-text=\"Enviar\" aria-live=\"assertive\" value=\"wpforms-submit\">Enviar<\/button><img decoding=\"async\" src=\"https:\/\/www.gruporm.online\/rm-remote\/wp-content\/plugins\/wpforms-lite\/assets\/images\/submit-spin.svg\" class=\"wpforms-submit-spinner\" style=\"display: none;\" width=\"26\" height=\"26\" alt=\"Carregando\"><\/div><\/form><\/div>  <!-- .wpforms-container -->\t\t<\/div>\n\t\t\t\t<\/div>\n\t\t\t\t<div class=\"elementor-element elementor-element-02dacf5 elementor-widget elementor-widget-spacer\" data-id=\"02dacf5\" data-element_type=\"widget\" data-widget_type=\"spacer.default\">\n\t\t\t\t<div class=\"elementor-widget-container\">\n\t\t\t<style>\/*! elementor - v3.23.0 - 15-07-2024 *\/\n.elementor-column .elementor-spacer-inner{height:var(--spacer-size)}.e-con{--container-widget-width:100%}.e-con-inner>.elementor-widget-spacer,.e-con>.elementor-widget-spacer{width:var(--container-widget-width,var(--spacer-size));--align-self:var(--container-widget-align-self,initial);--flex-shrink:0}.e-con-inner>.elementor-widget-spacer>.elementor-widget-container,.e-con>.elementor-widget-spacer>.elementor-widget-container{height:100%;width:100%}.e-con-inner>.elementor-widget-spacer>.elementor-widget-container>.elementor-spacer,.e-con>.elementor-widget-spacer>.elementor-widget-container>.elementor-spacer{height:100%}.e-con-inner>.elementor-widget-spacer>.elementor-widget-container>.elementor-spacer>.elementor-spacer-inner,.e-con>.elementor-widget-spacer>.elementor-widget-container>.elementor-spacer>.elementor-spacer-inner{height:var(--container-widget-height,var(--spacer-size))}.e-con-inner>.elementor-widget-spacer.elementor-widget-empty,.e-con>.elementor-widget-spacer.elementor-widget-empty{position:relative;min-height:22px;min-width:22px}.e-con-inner>.elementor-widget-spacer.elementor-widget-empty .elementor-widget-empty-icon,.e-con>.elementor-widget-spacer.elementor-widget-empty .elementor-widget-empty-icon{position:absolute;top:0;bottom:0;left:0;right:0;margin:auto;padding:0;width:22px;height:22px}<\/style>\t\t<div class=\"elementor-spacer\">\n\t\t\t<div class=\"elementor-spacer-inner\"><\/div>\n\t\t<\/div>\n\t\t\t\t<\/div>\n\t\t\t\t<\/div>\n\t\t\t\t<div class=\"elementor-element elementor-element-12fd2ee elementor-widget elementor-widget-text-editor\" data-id=\"12fd2ee\" data-element_type=\"widget\" data-widget_type=\"text-editor.default\">\n\t\t\t\t<div class=\"elementor-widget-container\">\n\t\t\t<style>\/*! elementor - v3.23.0 - 15-07-2024 *\/\n.elementor-widget-text-editor.elementor-drop-cap-view-stacked .elementor-drop-cap{background-color:#69727d;color:#fff}.elementor-widget-text-editor.elementor-drop-cap-view-framed .elementor-drop-cap{color:#69727d;border:3px solid;background-color:transparent}.elementor-widget-text-editor:not(.elementor-drop-cap-view-default) .elementor-drop-cap{margin-top:8px}.elementor-widget-text-editor:not(.elementor-drop-cap-view-default) .elementor-drop-cap-letter{width:1em;height:1em}.elementor-widget-text-editor .elementor-drop-cap{float:left;text-align:center;line-height:1;font-size:50px}.elementor-widget-text-editor .elementor-drop-cap-letter{display:inline-block}<\/style>\t\t\t\t<h5>&nbsp; &nbsp; &nbsp; &nbsp; &nbsp;1. Caro&nbsp; Solicitante, ao reportar um incidente, voc\u00ea assume a responsabilidade pelas informa\u00e7\u00f5es prestadas, bem como, pelo descumprimento ou compartilhamento indevido das imagens eventualmente fornecidas.<\/h5>\n<h5>&nbsp; &nbsp; &nbsp; &nbsp; &nbsp; 2. As imagens, quando solicitadas no campo \u201cDescri\u00e7\u00e3o do Incidente\u201d, ser\u00e3o disponibilizadas de maneira anonimizada, isto \u00e9, respeitando a identidade das pessoas ou outros sinais de identifica\u00e7\u00e3o que por ventura est\u00e3o nos v\u00eddeos\/imagens.<\/h5>\n<h5>&nbsp; &nbsp; &nbsp; &nbsp; &nbsp;3. As imagens, quando solicitadas dentro do prazo de 07 (sete) dias do incidente, ser\u00e3o disponibilizadas desde que o solicitante encaminhe Boletim de Ocorr\u00eancia e demais dados.<\/h5>\n<h5>&nbsp; &nbsp; &nbsp; &nbsp; 4. Informamos que o Grupo RM adota pr\u00e1ticas e procedimentos que assegurem a prote\u00e7\u00e3o das imagens coletadas, cumprindo com todos os requisitos da Lei n. 13.709\/18 \u2013 Lei Geral de Prote\u00e7\u00e3o de Dados \u2013 LGPD.<\/h5>\n<h5>&nbsp; &nbsp; &nbsp; &nbsp; 5. Se diz anonimizada, a imagem na qual, o rosto da pessoa ou outro sinal de identifica\u00e7\u00e3o (placa de ve\u00edculo por exemplo), s\u00e3o preservados por meio de blur ou pixeliza\u00e7\u00e3o.<\/h5>\n<h5>&nbsp; &nbsp; &nbsp; &nbsp; &nbsp;6. Ressaltamos que as imagens dever\u00e3o ser solicitadas dentro do prazo de 07 (sete) dias do fato\/incidente, caso contr\u00e1rio, ser\u00e3o automaticamente apagadas pelo sistema e n\u00e3o poder\u00e3o ser recuperadas. Se solicitado dentro do referido prazo as imagens ser\u00e3o salvas e enviadas para a autoridade competente quando solicitada, conforme explica\u00e7\u00e3o no item abaixo.<\/h5>\n<h5>&nbsp; &nbsp; &nbsp; &nbsp; &nbsp; 7. Nesse sentido, e com respeito \u00e0 LGPD, o GRUPO RM somente pode fornecer as imagens completas, sem o blur ou pixeliza\u00e7\u00e3o, quando solicitado por autoridade policial ou judicial.<\/h5>\n<h5>&nbsp; &nbsp; &nbsp; &nbsp; &nbsp;8. Contudo, o GRUPO RM, disponibiliza as imagens de maneira anonimizada para que o(a) solicitante tenha o embasamento f\u00e1tico do seu direito.<\/h5>\t\t\t\t\t\t<\/div>\n\t\t\t\t<\/div>\n\t\t\t\t\t<\/div>\n\t\t\t\t<\/div>\n\t\t<div class=\"elementor-element elementor-element-61bfa13 e-flex e-con-boxed e-con e-parent\" data-id=\"61bfa13\" data-element_type=\"container\">\n\t\t\t\t\t<div class=\"e-con-inner\">\n\t\t\t\t\t<\/div>\n\t\t\t\t<\/div>\n\t\t\t\t<\/div>\n\t\t","protected":false},"excerpt":{"rendered":"<p>Ative o JavaScript no seu navegador para preencher este formul\u00e1rio.Ative o JavaScript no seu navegador para preencher este formul\u00e1rio. Nome * NomeSobrenome Email *Numero de Telefone para contatoEndere\u00e7oEstou envolvido no incidenteSIMN\u00c3OInforme a data do incidenteInforme a hora do incidenteSelecione a op\u00e7\u00e3o1 &#8211; ACIDENTE DE TRANSITO2- ROUBO &#8211; ASSALTO3- FURTO4 &#8211; EMERGENCIA DE SAUDE5- SITUA\u00c7\u00c3O SUSPEITA6- [&hellip;]<\/p>\n","protected":false},"author":1,"featured_media":0,"parent":0,"menu_order":0,"comment_status":"closed","ping_status":"closed","template":"","meta":{"_acf_changed":false,"footnotes":""},"class_list":["post-219","page","type-page","status-publish","hentry"],"acf":[],"yoast_head":"<!-- This site is optimized with the Yoast SEO plugin v23.0 - https:\/\/yoast.com\/wordpress\/plugins\/seo\/ -->\n<title>Solicita\u00e7\u00e3o de Imagens -<\/title>\n<meta name=\"robots\" content=\"index, follow, max-snippet:-1, max-image-preview:large, max-video-preview:-1\" \/>\n<link rel=\"canonical\" href=\"https:\/\/www.gruporm.online\/rm-remote\/solicitacao-de-imagens\/\" \/>\n<meta property=\"og:locale\" content=\"pt_BR\" \/>\n<meta property=\"og:type\" content=\"article\" \/>\n<meta property=\"og:title\" content=\"Solicita\u00e7\u00e3o de Imagens -\" \/>\n<meta property=\"og:description\" content=\"Ative o JavaScript no seu navegador para preencher este formul\u00e1rio.Ative o JavaScript no seu navegador para preencher este formul\u00e1rio. Nome * NomeSobrenome Email *Numero de Telefone para contatoEndere\u00e7oEstou envolvido no incidenteSIMN\u00c3OInforme a data do incidenteInforme a hora do incidenteSelecione a op\u00e7\u00e3o1 &#8211; ACIDENTE DE TRANSITO2- ROUBO &#8211; ASSALTO3- FURTO4 &#8211; EMERGENCIA DE SAUDE5- SITUA\u00c7\u00c3O SUSPEITA6- [&hellip;]\" \/>\n<meta property=\"og:url\" content=\"https:\/\/www.gruporm.online\/rm-remote\/solicitacao-de-imagens\/\" \/>\n<meta property=\"article:modified_time\" content=\"2024-07-24T20:01:44+00:00\" \/>\n<meta property=\"og:image\" content=\"https:\/\/www.gruporm.online\/rm-remote\/wp-content\/plugins\/wpforms-lite\/assets\/images\/submit-spin.svg\" \/>\n<meta name=\"twitter:card\" content=\"summary_large_image\" \/>\n<meta name=\"twitter:label1\" content=\"Est. tempo de leitura\" \/>\n\t<meta name=\"twitter:data1\" content=\"2 minutos\" \/>\n<script type=\"application\/ld+json\" class=\"yoast-schema-graph\">{\"@context\":\"https:\/\/schema.org\",\"@graph\":[{\"@type\":\"WebPage\",\"@id\":\"https:\/\/www.gruporm.online\/rm-remote\/solicitacao-de-imagens\/\",\"url\":\"https:\/\/www.gruporm.online\/rm-remote\/solicitacao-de-imagens\/\",\"name\":\"Solicita\u00e7\u00e3o de Imagens -\",\"isPartOf\":{\"@id\":\"https:\/\/www.gruporm.online\/rm-remote\/#website\"},\"primaryImageOfPage\":{\"@id\":\"https:\/\/www.gruporm.online\/rm-remote\/solicitacao-de-imagens\/#primaryimage\"},\"image\":{\"@id\":\"https:\/\/www.gruporm.online\/rm-remote\/solicitacao-de-imagens\/#primaryimage\"},\"thumbnailUrl\":\"https:\/\/www.gruporm.online\/rm-remote\/wp-content\/plugins\/wpforms-lite\/assets\/images\/submit-spin.svg\",\"datePublished\":\"2024-07-19T23:30:04+00:00\",\"dateModified\":\"2024-07-24T20:01:44+00:00\",\"breadcrumb\":{\"@id\":\"https:\/\/www.gruporm.online\/rm-remote\/solicitacao-de-imagens\/#breadcrumb\"},\"inLanguage\":\"pt-BR\",\"potentialAction\":[{\"@type\":\"ReadAction\",\"target\":[\"https:\/\/www.gruporm.online\/rm-remote\/solicitacao-de-imagens\/\"]}]},{\"@type\":\"ImageObject\",\"inLanguage\":\"pt-BR\",\"@id\":\"https:\/\/www.gruporm.online\/rm-remote\/solicitacao-de-imagens\/#primaryimage\",\"url\":\"https:\/\/www.gruporm.online\/rm-remote\/wp-content\/plugins\/wpforms-lite\/assets\/images\/submit-spin.svg\",\"contentUrl\":\"https:\/\/www.gruporm.online\/rm-remote\/wp-content\/plugins\/wpforms-lite\/assets\/images\/submit-spin.svg\"},{\"@type\":\"BreadcrumbList\",\"@id\":\"https:\/\/www.gruporm.online\/rm-remote\/solicitacao-de-imagens\/#breadcrumb\",\"itemListElement\":[{\"@type\":\"ListItem\",\"position\":1,\"name\":\"In\u00edcio\",\"item\":\"https:\/\/www.gruporm.online\/rm-remote\/\"},{\"@type\":\"ListItem\",\"position\":2,\"name\":\"Solicita\u00e7\u00e3o de Imagens\"}]},{\"@type\":\"WebSite\",\"@id\":\"https:\/\/www.gruporm.online\/rm-remote\/#website\",\"url\":\"https:\/\/www.gruporm.online\/rm-remote\/\",\"name\":\"\",\"description\":\"\",\"potentialAction\":[{\"@type\":\"SearchAction\",\"target\":{\"@type\":\"EntryPoint\",\"urlTemplate\":\"https:\/\/www.gruporm.online\/rm-remote\/?s={search_term_string}\"},\"query-input\":\"required name=search_term_string\"}],\"inLanguage\":\"pt-BR\"}]}<\/script>\n<!-- \/ Yoast SEO plugin. -->","yoast_head_json":{"title":"Solicita\u00e7\u00e3o de Imagens -","robots":{"index":"index","follow":"follow","max-snippet":"max-snippet:-1","max-image-preview":"max-image-preview:large","max-video-preview":"max-video-preview:-1"},"canonical":"https:\/\/www.gruporm.online\/rm-remote\/solicitacao-de-imagens\/","og_locale":"pt_BR","og_type":"article","og_title":"Solicita\u00e7\u00e3o de Imagens -","og_description":"Ative o JavaScript no seu navegador para preencher este formul\u00e1rio.Ative o JavaScript no seu navegador para preencher este formul\u00e1rio. Nome * NomeSobrenome Email *Numero de Telefone para contatoEndere\u00e7oEstou envolvido no incidenteSIMN\u00c3OInforme a data do incidenteInforme a hora do incidenteSelecione a op\u00e7\u00e3o1 &#8211; ACIDENTE DE TRANSITO2- ROUBO &#8211; ASSALTO3- FURTO4 &#8211; EMERGENCIA DE SAUDE5- SITUA\u00c7\u00c3O SUSPEITA6- [&hellip;]","og_url":"https:\/\/www.gruporm.online\/rm-remote\/solicitacao-de-imagens\/","article_modified_time":"2024-07-24T20:01:44+00:00","og_image":[{"url":"https:\/\/www.gruporm.online\/rm-remote\/wp-content\/plugins\/wpforms-lite\/assets\/images\/submit-spin.svg"}],"twitter_card":"summary_large_image","twitter_misc":{"Est. tempo de leitura":"2 minutos"},"schema":{"@context":"https:\/\/schema.org","@graph":[{"@type":"WebPage","@id":"https:\/\/www.gruporm.online\/rm-remote\/solicitacao-de-imagens\/","url":"https:\/\/www.gruporm.online\/rm-remote\/solicitacao-de-imagens\/","name":"Solicita\u00e7\u00e3o de Imagens -","isPartOf":{"@id":"https:\/\/www.gruporm.online\/rm-remote\/#website"},"primaryImageOfPage":{"@id":"https:\/\/www.gruporm.online\/rm-remote\/solicitacao-de-imagens\/#primaryimage"},"image":{"@id":"https:\/\/www.gruporm.online\/rm-remote\/solicitacao-de-imagens\/#primaryimage"},"thumbnailUrl":"https:\/\/www.gruporm.online\/rm-remote\/wp-content\/plugins\/wpforms-lite\/assets\/images\/submit-spin.svg","datePublished":"2024-07-19T23:30:04+00:00","dateModified":"2024-07-24T20:01:44+00:00","breadcrumb":{"@id":"https:\/\/www.gruporm.online\/rm-remote\/solicitacao-de-imagens\/#breadcrumb"},"inLanguage":"pt-BR","potentialAction":[{"@type":"ReadAction","target":["https:\/\/www.gruporm.online\/rm-remote\/solicitacao-de-imagens\/"]}]},{"@type":"ImageObject","inLanguage":"pt-BR","@id":"https:\/\/www.gruporm.online\/rm-remote\/solicitacao-de-imagens\/#primaryimage","url":"https:\/\/www.gruporm.online\/rm-remote\/wp-content\/plugins\/wpforms-lite\/assets\/images\/submit-spin.svg","contentUrl":"https:\/\/www.gruporm.online\/rm-remote\/wp-content\/plugins\/wpforms-lite\/assets\/images\/submit-spin.svg"},{"@type":"BreadcrumbList","@id":"https:\/\/www.gruporm.online\/rm-remote\/solicitacao-de-imagens\/#breadcrumb","itemListElement":[{"@type":"ListItem","position":1,"name":"In\u00edcio","item":"https:\/\/www.gruporm.online\/rm-remote\/"},{"@type":"ListItem","position":2,"name":"Solicita\u00e7\u00e3o de Imagens"}]},{"@type":"WebSite","@id":"https:\/\/www.gruporm.online\/rm-remote\/#website","url":"https:\/\/www.gruporm.online\/rm-remote\/","name":"","description":"","potentialAction":[{"@type":"SearchAction","target":{"@type":"EntryPoint","urlTemplate":"https:\/\/www.gruporm.online\/rm-remote\/?s={search_term_string}"},"query-input":"required name=search_term_string"}],"inLanguage":"pt-BR"}]}},"_links":{"self":[{"href":"https:\/\/www.gruporm.online\/rm-remote\/wp-json\/wp\/v2\/pages\/219","targetHints":{"allow":["GET"]}}],"collection":[{"href":"https:\/\/www.gruporm.online\/rm-remote\/wp-json\/wp\/v2\/pages"}],"about":[{"href":"https:\/\/www.gruporm.online\/rm-remote\/wp-json\/wp\/v2\/types\/page"}],"author":[{"embeddable":true,"href":"https:\/\/www.gruporm.online\/rm-remote\/wp-json\/wp\/v2\/users\/1"}],"replies":[{"embeddable":true,"href":"https:\/\/www.gruporm.online\/rm-remote\/wp-json\/wp\/v2\/comments?post=219"}],"version-history":[{"count":15,"href":"https:\/\/www.gruporm.online\/rm-remote\/wp-json\/wp\/v2\/pages\/219\/revisions"}],"predecessor-version":[{"id":299,"href":"https:\/\/www.gruporm.online\/rm-remote\/wp-json\/wp\/v2\/pages\/219\/revisions\/299"}],"wp:attachment":[{"href":"https:\/\/www.gruporm.online\/rm-remote\/wp-json\/wp\/v2\/media?parent=219"}],"curies":[{"name":"wp","href":"https:\/\/api.w.org\/{rel}","templated":true}]}}